{"id":2360,"date":"2024-04-06T22:30:05","date_gmt":"2024-04-06T21:30:05","guid":{"rendered":"https:\/\/magasin.treval-france.com\/?page_id=2360"},"modified":"2024-07-14T13:02:07","modified_gmt":"2024-07-14T12:02:07","slug":"panier","status":"publish","type":"page","link":"https:\/\/magasin.treval-france.com\/index.php\/panier\/","title":{"rendered":"Panier"},"content":{"rendered":"\n<p class=\"cart_go_back\"><a href=\"https:\/\/magasin.treval-france.com\/\" data-type=\"page\" data-id=\"2298\">Continuer mes achats<\/a><\/p>\n\n\n\n<div class=\"wp-block-group cart_tabs is-nowrap is-layout-flex wp-container-core-group-is-layout-5 wp-block-group-is-layout-flex\"><a href=\"https:\/\/magasin.treval-france.com\/index.php\/panier\/\"    class=\"active wp-block-tiptip-hyperlink-group-block\" >\n<div class=\"wp-block-group is-nowrap is-layout-flex wp-container-core-group-is-layout-2 wp-block-group-is-layout-flex\">\n<figure class=\"wp-block-image size-full\"><img loading=\"lazy\" decoding=\"async\" width=\"38\" height=\"38\" src=\"https:\/\/magasin.treval-france.com\/wp-content\/uploads\/2024\/05\/Shopping-cart.png\" alt=\"\" class=\"wp-image-2410\"\/><\/figure>\n\n\n\n<p>PANIER<\/p>\n<\/div>\n<\/a>\n\n<a href=\"https:\/\/magasin.treval-france.com\/index.php\/wishlist\/\"    class=\"wp-block-tiptip-hyperlink-group-block\" >\n<div class=\"wp-block-group is-nowrap is-layout-flex wp-container-core-group-is-layout-4 wp-block-group-is-layout-flex\">\n<figure class=\"wp-block-image size-full\"><img loading=\"lazy\" decoding=\"async\" width=\"35\" height=\"34\" src=\"https:\/\/magasin.treval-france.com\/wp-content\/uploads\/2024\/05\/Favorite.png\" alt=\"\" class=\"wp-image-2411\"\/><\/figure>\n\n\n\n<p>LIK\u00c9S<\/p>\n<\/div>\n<\/a><\/div>\n\n\n\n<div data-block-name=\"woocommerce\/cart\" class=\"wp-block-woocommerce-cart alignwide is-loading wc-block-cart\">\n<div data-block-name=\"woocommerce\/filled-cart-block\" class=\"wp-block-woocommerce-filled-cart-block\">\n<div data-block-name=\"woocommerce\/cart-items-block\" class=\"wp-block-woocommerce-cart-items-block\">\n<div data-block-name=\"woocommerce\/cart-line-items-block\" class=\"wp-block-woocommerce-cart-line-items-block\"><\/div>\n\n\n\n<div data-block-name=\"woocommerce\/cart-cross-sells-block\" class=\"wp-block-woocommerce-cart-cross-sells-block\">\n<h2 class=\"wp-block-heading has-large-font-size\">\u00c9quiper le reste de la maison ?<\/h2>\n\n\n\n<div data-block-name=\"woocommerce\/cart-cross-sells-products-block\" class=\"wp-block-woocommerce-cart-cross-sells-products-block\"><\/div>\n<\/div>\n<\/div>\n\n\n\n<div data-block-name=\"woocommerce\/cart-totals-block\" class=\"wp-block-woocommerce-cart-totals-block cart_total\">\n<div data-block-name=\"woocommerce\/cart-order-summary-block\" class=\"wp-block-woocommerce-cart-order-summary-block\">\n<div data-block-name=\"woocommerce\/cart-order-summary-heading-block\" data-content=\"Total panier\" class=\"wp-block-woocommerce-cart-order-summary-heading-block\"><\/div>\n\n\n\n<div data-block-name=\"woocommerce\/cart-order-summary-coupon-form-block\" class=\"wp-block-woocommerce-cart-order-summary-coupon-form-block\"><\/div>\n\n\n\n<div data-block-name=\"woocommerce\/cart-order-summary-totals-block\" class=\"wp-block-woocommerce-cart-order-summary-totals-block\">\n<div data-block-name=\"woocommerce\/cart-order-summary-subtotal-block\" class=\"wp-block-woocommerce-cart-order-summary-subtotal-block\"><\/div>\n\n\n\n<div data-block-name=\"woocommerce\/cart-order-summary-fee-block\" class=\"wp-block-woocommerce-cart-order-summary-fee-block\"><\/div>\n\n\n\n<div data-block-name=\"woocommerce\/cart-order-summary-discount-block\" class=\"wp-block-woocommerce-cart-order-summary-discount-block\"><\/div>\n\n\n\n<div data-block-name=\"woocommerce\/cart-order-summary-shipping-block\" class=\"wp-block-woocommerce-cart-order-summary-shipping-block\"><\/div>\n\n\n\n<div data-block-name=\"woocommerce\/cart-order-summary-taxes-block\" class=\"wp-block-woocommerce-cart-order-summary-taxes-block\"><\/div>\n<\/div>\n<\/div>\n\n\n\n\n\n<div data-block-name=\"woocommerce\/cart-express-payment-block\" class=\"wp-block-woocommerce-cart-express-payment-block\"><\/div>\n\n\n\n<div data-block-name=\"woocommerce\/proceed-to-checkout-block\" class=\"wp-block-woocommerce-proceed-to-checkout-block\"><\/div>\n<\/div>\n<\/div>\n\n\n\n<div data-block-name=\"woocommerce\/empty-cart-block\" class=\"wp-block-woocommerce-empty-cart-block\">\n<h2 class=\"wp-block-heading has-text-align-center with-empty-cart-icon wc-block-cart__empty-cart__title\">Votre panier est actuellement vide&nbsp;!<\/h2>\n\n\n\n<div class=\"wp-block-buttons is-content-justification-center is-layout-flex wp-container-core-buttons-is-layout-1 wp-block-buttons-is-layout-flex\">\n<div class=\"wp-block-button\"><a class=\"wp-block-button__link wp-element-button\" href=\"https:\/\/magasin.treval-france.com\/\">Parcourir la boutique<\/a><\/div>\n<\/div>\n\n\n\n<h2 class=\"wp-block-heading has-text-align-center\">Nouveau dans la boutique<\/h2>\n\n\n<div data-align-buttons=\"true\" data-block-name=\"woocommerce\/product-new\" data-columns=\"5\" data-rows=\"1\" class=\"wc-block-grid wp-block-product-new wp-block-woocommerce-product-new wc-block-product-new has-5-columns has-aligned-buttons\"><ul class=\"wc-block-grid__products\"><li class=\"wc-block-grid__product\">\n\t\t\t\t<div class=\"tinv-wraper woocommerce tinv-wishlist tinvwl-above_thumb-add-to-cart tinvwl-loop-button-wrapper tinvwl-woocommerce_blocks_product_grid_item_html\" data-tinvwl_product_id=\"2588\">\r\n\t<a role=\"button\" tabindex=\"0\" name=\"ajouter-aux-favoris\" aria-label=\"Ajouter aux favoris\" class=\"tinvwl_add_to_wishlist_button tinvwl-icon-heart no-txt heart-icon tinvwl-position-above_thumb tinvwl-loop\" data-tinv-wl-list=\"[]\" data-tinv-wl-product=\"2588\" data-tinv-wl-productvariation=\"0\" data-tinv-wl-productvariations=\"[]\" data-tinv-wl-producttype=\"simple\" data-tinv-wl-action=\"add\"><\/a>\t\t<div class=\"tinvwl-tooltip\">Ajouter aux favoris<\/div>\r\n<\/div><a href=\"https:\/\/magasin.treval-france.com\/index.php\/\/product\/regulateur-de-debit-pour-lave-mains-de-toilettes-17-l-min-2\/\" class=\"wc-block-grid__product-link\">\n\t\t\t\t\t\n\t\t\t\t\t<div class=\"wc-block-grid__product-image\"><img loading=\"lazy\" decoding=\"async\" width=\"170\" height=\"170\" src=\"https:\/\/magasin.treval-france.com\/wp-content\/uploads\/2024\/11\/Group-35924-170x170.png\" class=\"attachment-woocommerce_thumbnail size-woocommerce_thumbnail\" alt=\"R\u00e9gulateur de D\u00e9bit pour Lave-mains de Toilettes 1,7 L\/min\" srcset=\"https:\/\/magasin.treval-france.com\/wp-content\/uploads\/2024\/11\/Group-35924-170x170.png 170w, https:\/\/magasin.treval-france.com\/wp-content\/uploads\/2024\/11\/Group-35924-300x300.png 300w, https:\/\/magasin.treval-france.com\/wp-content\/uploads\/2024\/11\/Group-35924-1024x1024.png 1024w, https:\/\/magasin.treval-france.com\/wp-content\/uploads\/2024\/11\/Group-35924-150x150.png 150w, https:\/\/magasin.treval-france.com\/wp-content\/uploads\/2024\/11\/Group-35924-768x768.png 768w, https:\/\/magasin.treval-france.com\/wp-content\/uploads\/2024\/11\/Group-35924-1536x1536.png 1536w, https:\/\/magasin.treval-france.com\/wp-content\/uploads\/2024\/11\/Group-35924-2048x2048.png 2048w, https:\/\/magasin.treval-france.com\/wp-content\/uploads\/2024\/11\/Group-35924-900x900.png 900w, https:\/\/magasin.treval-france.com\/wp-content\/uploads\/2024\/11\/Group-35924-100x100.png 100w\" sizes=\"auto, (max-width: 170px) 100vw, 170px\"><\/div>\n\t\t\t\t\t<div class=\"wc-block-grid__product-title\">R\u00e9gulateur de D\u00e9bit pour Lave-mains de Toilettes 1,7 L\/min<\/div>\n\t\t\t\t<\/a>\n\t\t\t\t<div class=\"wc-block-grid__product-price price\"><\/div>\n\t\t\t\t\n\t\t\t\t<div class=\"wp-block-button wc-block-grid__product-add-to-cart\"><a href=\"https:\/\/magasin.treval-france.com\/index.php\/\/product\/regulateur-de-debit-pour-lave-mains-de-toilettes-17-l-min-2\/\" aria-label=\"En savoir plus sur \u201cR\u00e9gulateur de D\u00e9bit pour Lave-mains de Toilettes 1,7 L\/min\u201d\" data-quantity=\"1\" data-product_id=\"2588\" data-product_sku=\"\" data-price=\"0\" rel=\"nofollow\" class=\"wp-block-button__link  add_to_cart_button\">Lire la suite<\/a><\/div>\n\t\t\t<\/li><li class=\"wc-block-grid__product\">\n\t\t\t\t<div class=\"tinv-wraper woocommerce tinv-wishlist tinvwl-above_thumb-add-to-cart tinvwl-loop-button-wrapper tinvwl-woocommerce_blocks_product_grid_item_html\" data-tinvwl_product_id=\"2587\">\r\n\t<a role=\"button\" tabindex=\"0\" name=\"ajouter-aux-favoris\" aria-label=\"Ajouter aux favoris\" class=\"tinvwl_add_to_wishlist_button tinvwl-icon-heart no-txt heart-icon tinvwl-position-above_thumb tinvwl-loop\" data-tinv-wl-list=\"[]\" data-tinv-wl-product=\"2587\" data-tinv-wl-productvariation=\"0\" data-tinv-wl-productvariations=\"[]\" data-tinv-wl-producttype=\"simple\" data-tinv-wl-action=\"add\"><\/a>\t\t<div class=\"tinvwl-tooltip\">Ajouter aux favoris<\/div>\r\n<\/div><a href=\"https:\/\/magasin.treval-france.com\/index.php\/\/product\/regulateur-de-debit-pour-lave-mains-de-toilettes-17-l-min\/\" class=\"wc-block-grid__product-link\">\n\t\t\t\t\t\n\t\t\t\t\t<div class=\"wc-block-grid__product-image\"><img loading=\"lazy\" decoding=\"async\" width=\"170\" height=\"170\" src=\"https:\/\/magasin.treval-france.com\/wp-content\/uploads\/2024\/11\/Group-35906-170x170.png\" class=\"attachment-woocommerce_thumbnail size-woocommerce_thumbnail\" alt=\"R\u00e9gulateur de D\u00e9bit Jet Classique pour Lave-mains de Toilettes 1,7 L\/min\" srcset=\"https:\/\/magasin.treval-france.com\/wp-content\/uploads\/2024\/11\/Group-35906-170x170.png 170w, https:\/\/magasin.treval-france.com\/wp-content\/uploads\/2024\/11\/Group-35906-300x300.png 300w, https:\/\/magasin.treval-france.com\/wp-content\/uploads\/2024\/11\/Group-35906-1024x1024.png 1024w, https:\/\/magasin.treval-france.com\/wp-content\/uploads\/2024\/11\/Group-35906-150x150.png 150w, https:\/\/magasin.treval-france.com\/wp-content\/uploads\/2024\/11\/Group-35906-768x768.png 768w, https:\/\/magasin.treval-france.com\/wp-content\/uploads\/2024\/11\/Group-35906-1536x1536.png 1536w, https:\/\/magasin.treval-france.com\/wp-content\/uploads\/2024\/11\/Group-35906-2048x2048.png 2048w, https:\/\/magasin.treval-france.com\/wp-content\/uploads\/2024\/11\/Group-35906-900x900.png 900w, https:\/\/magasin.treval-france.com\/wp-content\/uploads\/2024\/11\/Group-35906-100x100.png 100w\" sizes=\"auto, (max-width: 170px) 100vw, 170px\"><\/div>\n\t\t\t\t\t<div class=\"wc-block-grid__product-title\">R\u00e9gulateur de D\u00e9bit Jet Classique pour Lave-mains de Toilettes 1,7 L\/min<\/div>\n\t\t\t\t<\/a>\n\t\t\t\t<div class=\"wc-block-grid__product-price price\"><\/div>\n\t\t\t\t\n\t\t\t\t<div class=\"wp-block-button wc-block-grid__product-add-to-cart\"><a href=\"https:\/\/magasin.treval-france.com\/index.php\/\/product\/regulateur-de-debit-pour-lave-mains-de-toilettes-17-l-min\/\" aria-label=\"En savoir plus sur \u201cR\u00e9gulateur de D\u00e9bit Jet Classique pour Lave-mains de Toilettes 1,7 L\/min\u201d\" data-quantity=\"1\" data-product_id=\"2587\" data-product_sku=\"\" data-price=\"0\" rel=\"nofollow\" class=\"wp-block-button__link  add_to_cart_button\">Lire la suite<\/a><\/div>\n\t\t\t<\/li><li class=\"wc-block-grid__product\">\n\t\t\t\t<div class=\"tinv-wraper woocommerce tinv-wishlist tinvwl-above_thumb-add-to-cart tinvwl-loop-button-wrapper tinvwl-woocommerce_blocks_product_grid_item_html\" data-tinvwl_product_id=\"2586\">\r\n\t<a role=\"button\" tabindex=\"0\" name=\"ajouter-aux-favoris\" aria-label=\"Ajouter aux favoris\" class=\"tinvwl_add_to_wishlist_button tinvwl-icon-heart no-txt heart-icon tinvwl-position-above_thumb tinvwl-loop\" data-tinv-wl-list=\"[]\" data-tinv-wl-product=\"2586\" data-tinv-wl-productvariation=\"0\" data-tinv-wl-productvariations=\"[]\" data-tinv-wl-producttype=\"simple\" data-tinv-wl-action=\"add\"><\/a>\t\t<div class=\"tinvwl-tooltip\">Ajouter aux favoris<\/div>\r\n<\/div><a href=\"https:\/\/magasin.treval-france.com\/index.php\/\/product\/sac-economiseur-deau-pour-wc\/\" class=\"wc-block-grid__product-link\">\n\t\t\t\t\t\n\t\t\t\t\t<div class=\"wc-block-grid__product-image\"><img loading=\"lazy\" decoding=\"async\" width=\"170\" height=\"170\" src=\"https:\/\/magasin.treval-france.com\/wp-content\/uploads\/2024\/11\/Group-35942-170x170.png\" class=\"attachment-woocommerce_thumbnail size-woocommerce_thumbnail\" alt=\"Sac \u00c9conomiseur d\u2019Eau pour WC\" srcset=\"https:\/\/magasin.treval-france.com\/wp-content\/uploads\/2024\/11\/Group-35942-170x170.png 170w, https:\/\/magasin.treval-france.com\/wp-content\/uploads\/2024\/11\/Group-35942-300x300.png 300w, https:\/\/magasin.treval-france.com\/wp-content\/uploads\/2024\/11\/Group-35942-1024x1024.png 1024w, https:\/\/magasin.treval-france.com\/wp-content\/uploads\/2024\/11\/Group-35942-150x150.png 150w, https:\/\/magasin.treval-france.com\/wp-content\/uploads\/2024\/11\/Group-35942-768x768.png 768w, https:\/\/magasin.treval-france.com\/wp-content\/uploads\/2024\/11\/Group-35942-1536x1536.png 1536w, https:\/\/magasin.treval-france.com\/wp-content\/uploads\/2024\/11\/Group-35942-2048x2048.png 2048w, https:\/\/magasin.treval-france.com\/wp-content\/uploads\/2024\/11\/Group-35942-900x900.png 900w, https:\/\/magasin.treval-france.com\/wp-content\/uploads\/2024\/11\/Group-35942-100x100.png 100w\" sizes=\"auto, (max-width: 170px) 100vw, 170px\"><\/div>\n\t\t\t\t\t<div class=\"wc-block-grid__product-title\">Sac \u00c9conomiseur d\u2019Eau pour WC<\/div>\n\t\t\t\t<\/a>\n\t\t\t\t<div class=\"wc-block-grid__product-price price\"><span class=\"woocommerce-Price-amount amount\">8,99\u00a0<span class=\"woocommerce-Price-currencySymbol\">\u20ac<\/span><\/span><\/div>\n\t\t\t\t\n\t\t\t\t<div class=\"wp-block-button wc-block-grid__product-add-to-cart\"><a href=\"\/index.php\/wp-json\/wp\/v2\/pages\/2360?add-to-cart=2586\" aria-label=\"Ajouter au panier\u00a0: \u201cSac \u00c9conomiseur d\u2019Eau pour WC\u201d\" data-quantity=\"1\" data-product_id=\"2586\" data-product_sku=\"\" data-price=\"8.99\" rel=\"nofollow\" class=\"wp-block-button__link  add_to_cart_button ajax_add_to_cart\">Ajouter au panier<\/a><\/div>\n\t\t\t<\/li><li class=\"wc-block-grid__product\">\n\t\t\t\t<div class=\"tinv-wraper woocommerce tinv-wishlist tinvwl-above_thumb-add-to-cart tinvwl-loop-button-wrapper tinvwl-woocommerce_blocks_product_grid_item_html\" data-tinvwl_product_id=\"2579\">\r\n\t<a role=\"button\" tabindex=\"0\" name=\"ajouter-aux-favoris\" aria-label=\"Ajouter aux favoris\" class=\"tinvwl_add_to_wishlist_button tinvwl-icon-heart no-txt heart-icon tinvwl-position-above_thumb tinvwl-loop\" data-tinv-wl-list=\"[]\" data-tinv-wl-product=\"2579\" data-tinv-wl-productvariation=\"0\" data-tinv-wl-productvariations=\"[]\" data-tinv-wl-producttype=\"simple\" data-tinv-wl-action=\"add\"><\/a>\t\t<div class=\"tinvwl-tooltip\">Ajouter aux favoris<\/div>\r\n<\/div><a href=\"https:\/\/magasin.treval-france.com\/index.php\/\/product\/joint-regulateur-de-debit-pour-douche-8-l-min\/\" class=\"wc-block-grid__product-link\">\n\t\t\t\t\t\n\t\t\t\t\t<div class=\"wc-block-grid__product-image\"><img loading=\"lazy\" decoding=\"async\" width=\"170\" height=\"170\" src=\"https:\/\/magasin.treval-france.com\/wp-content\/uploads\/2024\/11\/Group-35971-170x170.png\" class=\"attachment-woocommerce_thumbnail size-woocommerce_thumbnail\" alt=\"Joint R\u00e9gulateur de D\u00e9bit pour Douche 8 L\/min\" srcset=\"https:\/\/magasin.treval-france.com\/wp-content\/uploads\/2024\/11\/Group-35971-170x170.png 170w, https:\/\/magasin.treval-france.com\/wp-content\/uploads\/2024\/11\/Group-35971-300x300.png 300w, https:\/\/magasin.treval-france.com\/wp-content\/uploads\/2024\/11\/Group-35971-1024x1024.png 1024w, https:\/\/magasin.treval-france.com\/wp-content\/uploads\/2024\/11\/Group-35971-150x150.png 150w, https:\/\/magasin.treval-france.com\/wp-content\/uploads\/2024\/11\/Group-35971-768x768.png 768w, https:\/\/magasin.treval-france.com\/wp-content\/uploads\/2024\/11\/Group-35971-900x900.png 900w, https:\/\/magasin.treval-france.com\/wp-content\/uploads\/2024\/11\/Group-35971-100x100.png 100w, https:\/\/magasin.treval-france.com\/wp-content\/uploads\/2024\/11\/Group-35971.png 1212w\" sizes=\"auto, (max-width: 170px) 100vw, 170px\"><\/div>\n\t\t\t\t\t<div class=\"wc-block-grid__product-title\">Joint R\u00e9gulateur de D\u00e9bit pour Douche 8 L\/min<\/div>\n\t\t\t\t<\/a>\n\t\t\t\t<div class=\"wc-block-grid__product-price price\"><span class=\"woocommerce-Price-amount amount\">7,89\u00a0<span class=\"woocommerce-Price-currencySymbol\">\u20ac<\/span><\/span><\/div>\n\t\t\t\t\n\t\t\t\t<div class=\"wp-block-button wc-block-grid__product-add-to-cart\"><a href=\"\/index.php\/wp-json\/wp\/v2\/pages\/2360?add-to-cart=2579\" aria-label=\"Ajouter au panier\u00a0: \u201cJoint R\u00e9gulateur de D\u00e9bit pour Douche 8 L\/min\u201d\" data-quantity=\"1\" data-product_id=\"2579\" data-product_sku=\"\" data-price=\"7.89\" rel=\"nofollow\" class=\"wp-block-button__link  add_to_cart_button ajax_add_to_cart\">Ajouter au panier<\/a><\/div>\n\t\t\t<\/li><li class=\"wc-block-grid__product\">\n\t\t\t\t<div class=\"tinv-wraper woocommerce tinv-wishlist tinvwl-above_thumb-add-to-cart tinvwl-loop-button-wrapper tinvwl-woocommerce_blocks_product_grid_item_html\" data-tinvwl_product_id=\"2575\">\r\n\t<a role=\"button\" tabindex=\"0\" name=\"ajouter-aux-favoris\" aria-label=\"Ajouter aux favoris\" class=\"tinvwl_add_to_wishlist_button tinvwl-icon-heart no-txt heart-icon tinvwl-position-above_thumb tinvwl-loop\" data-tinv-wl-list=\"[]\" data-tinv-wl-product=\"2575\" data-tinv-wl-productvariation=\"0\" data-tinv-wl-productvariations=\"[]\" data-tinv-wl-producttype=\"simple\" data-tinv-wl-action=\"add\"><\/a>\t\t<div class=\"tinvwl-tooltip\">Ajouter aux favoris<\/div>\r\n<\/div><a href=\"https:\/\/magasin.treval-france.com\/index.php\/\/product\/regulateur-de-debit-pour-douche-9-l-min\/\" class=\"wc-block-grid__product-link\">\n\t\t\t\t\t\n\t\t\t\t\t<div class=\"wc-block-grid__product-image\"><img loading=\"lazy\" decoding=\"async\" width=\"170\" height=\"170\" src=\"https:\/\/magasin.treval-france.com\/wp-content\/uploads\/2024\/11\/Group-35911-170x170.png\" class=\"attachment-woocommerce_thumbnail size-woocommerce_thumbnail\" alt=\"R\u00e9gulateur de D\u00e9bit pour Douche 9 L\/min\" srcset=\"https:\/\/magasin.treval-france.com\/wp-content\/uploads\/2024\/11\/Group-35911-170x170.png 170w, https:\/\/magasin.treval-france.com\/wp-content\/uploads\/2024\/11\/Group-35911-300x300.png 300w, https:\/\/magasin.treval-france.com\/wp-content\/uploads\/2024\/11\/Group-35911-1024x1024.png 1024w, https:\/\/magasin.treval-france.com\/wp-content\/uploads\/2024\/11\/Group-35911-150x150.png 150w, https:\/\/magasin.treval-france.com\/wp-content\/uploads\/2024\/11\/Group-35911-768x768.png 768w, https:\/\/magasin.treval-france.com\/wp-content\/uploads\/2024\/11\/Group-35911-1536x1536.png 1536w, https:\/\/magasin.treval-france.com\/wp-content\/uploads\/2024\/11\/Group-35911-2048x2048.png 2048w, https:\/\/magasin.treval-france.com\/wp-content\/uploads\/2024\/11\/Group-35911-900x900.png 900w, https:\/\/magasin.treval-france.com\/wp-content\/uploads\/2024\/11\/Group-35911-100x100.png 100w\" sizes=\"auto, (max-width: 170px) 100vw, 170px\"><\/div>\n\t\t\t\t\t<div class=\"wc-block-grid__product-title\">R\u00e9gulateur de D\u00e9bit pour Douche 9 L\/min<\/div>\n\t\t\t\t<\/a>\n\t\t\t\t<div class=\"wc-block-grid__product-price price\"><span class=\"woocommerce-Price-amount amount\">10,66\u00a0<span class=\"woocommerce-Price-currencySymbol\">\u20ac<\/span><\/span><\/div>\n\t\t\t\t\n\t\t\t\t<div class=\"wp-block-button wc-block-grid__product-add-to-cart\"><a href=\"\/index.php\/wp-json\/wp\/v2\/pages\/2360?add-to-cart=2575\" aria-label=\"Ajouter au panier\u00a0: \u201cR\u00e9gulateur de D\u00e9bit pour Douche 9 L\/min\u201d\" data-quantity=\"1\" data-product_id=\"2575\" data-product_sku=\"\" data-price=\"10.66\" rel=\"nofollow\" class=\"wp-block-button__link  add_to_cart_button ajax_add_to_cart\">Ajouter au panier<\/a><\/div>\n\t\t\t<\/li><\/ul><\/div><\/div>\n<\/div>\n\n\n\n<div class=\"wp-block-group cart_advantages\"><div class=\"wp-block-group__inner-container is-layout-constrained wp-block-group-is-layout-constrained\">\n<h2 class=\"wp-block-heading\">Vos avantages \u00e0 chaque achat<\/h2>\n\n\n\n<div class=\"wp-block-group is-layout-flex wp-block-group-is-layout-flex\">\n<div class=\"wp-block-group is-content-justification-space-between is-layout-flex wp-container-core-group-is-layout-10 wp-block-group-is-layout-flex\">\n<div class=\"wp-block-group is-vertical is-layout-flex wp-container-core-group-is-layout-6 wp-block-group-is-layout-flex\">\n<figure class=\"wp-block-image size-full\"><a href=\"https:\/\/magasin.treval-france.com\/wp-content\/uploads\/2024\/05\/Delivery.png\"><img loading=\"lazy\" decoding=\"async\" width=\"49\" height=\"49\" src=\"https:\/\/magasin.treval-france.com\/wp-content\/uploads\/2024\/05\/Delivery.png\" alt=\"\" class=\"wp-image-2424\"\/><\/a><\/figure>\n\n\n\n<p style=\"text-transform:uppercase\">Livraison 48h \u00e0 domicile ou en point relais<\/p>\n<\/div>\n\n\n\n<div class=\"wp-block-group is-vertical is-layout-flex wp-container-core-group-is-layout-7 wp-block-group-is-layout-flex\">\n<figure class=\"wp-block-image size-full\"><a href=\"https:\/\/magasin.treval-france.com\/wp-content\/uploads\/2024\/05\/Piggy-bank.png\"><img loading=\"lazy\" decoding=\"async\" width=\"45\" height=\"47\" src=\"https:\/\/magasin.treval-france.com\/wp-content\/uploads\/2024\/05\/Piggy-bank.png\" alt=\"\" class=\"wp-image-2425\"\/><\/a><\/figure>\n\n\n\n<p style=\"text-transform:uppercase\">Satisfait ou rembours\u00e9<\/p>\n<\/div>\n\n\n\n<div class=\"wp-block-group is-vertical is-layout-flex wp-container-core-group-is-layout-8 wp-block-group-is-layout-flex\">\n<figure class=\"wp-block-image size-full\"><a href=\"https:\/\/magasin.treval-france.com\/wp-content\/uploads\/2024\/05\/Headset.png\"><img loading=\"lazy\" decoding=\"async\" width=\"45\" height=\"45\" src=\"https:\/\/magasin.treval-france.com\/wp-content\/uploads\/2024\/05\/Headset.png\" alt=\"\" class=\"wp-image-2426\"\/><\/a><\/figure>\n\n\n\n<p style=\"text-transform:uppercase\">Service client \u00e0 l&rsquo;\u00e9coute<\/p>\n<\/div>\n\n\n\n<div class=\"wp-block-group is-vertical is-layout-flex wp-container-core-group-is-layout-9 wp-block-group-is-layout-flex\">\n<figure class=\"wp-block-image size-full\"><a href=\"https:\/\/magasin.treval-france.com\/wp-content\/uploads\/2024\/05\/Wallet.png\"><img loading=\"lazy\" decoding=\"async\" width=\"43\" height=\"42\" src=\"https:\/\/magasin.treval-france.com\/wp-content\/uploads\/2024\/05\/Wallet.png\" alt=\"\" class=\"wp-image-2427\"\/><\/a><\/figure>\n\n\n\n<p style=\"text-transform:uppercase\">paiement s\u00e9curis\u00e9<\/p>\n<\/div>\n<\/div>\n\n\n\n<div class=\"wp-block-group is-nowrap is-layout-flex wp-container-core-group-is-layout-11 wp-block-group-is-layout-flex\">\n<figure class=\"wp-block-image size-full\"><img loading=\"lazy\" decoding=\"async\" width=\"314\" height=\"76\" src=\"https:\/\/magasin.treval-france.com\/wp-content\/uploads\/2024\/05\/note.png\" alt=\"\" class=\"wp-image-2428\" srcset=\"https:\/\/magasin.treval-france.com\/wp-content\/uploads\/2024\/05\/note.png 314w, https:\/\/magasin.treval-france.com\/wp-content\/uploads\/2024\/05\/note-300x73.png 300w\" sizes=\"auto, (max-width: 314px) 100vw, 314px\" \/><\/figure>\n<\/div>\n<\/div>\n<\/div><\/div>\n","protected":false},"excerpt":{"rendered":"<p>Continuer mes achats Vos avantages \u00e0 chaque achat Livraison 48h \u00e0 domicile ou en point relais Satisfait ou rembours\u00e9 Service client \u00e0 l&rsquo;\u00e9coute paiement s\u00e9curis\u00e9<\/p>\n","protected":false},"author":1,"featured_media":0,"parent":0,"menu_order":0,"comment_status":"closed","ping_status":"closed","template":"","meta":{"footnotes":""},"class_list":["post-2360","page","type-page","status-publish","hentry"],"_links":{"self":[{"href":"https:\/\/magasin.treval-france.com\/index.php\/wp-json\/wp\/v2\/pages\/2360","targetHints":{"allow":["GET"]}}],"collection":[{"href":"https:\/\/magasin.treval-france.com\/index.php\/wp-json\/wp\/v2\/pages"}],"about":[{"href":"https:\/\/magasin.treval-france.com\/index.php\/wp-json\/wp\/v2\/types\/page"}],"author":[{"embeddable":true,"href":"https:\/\/magasin.treval-france.com\/index.php\/wp-json\/wp\/v2\/users\/1"}],"replies":[{"embeddable":true,"href":"https:\/\/magasin.treval-france.com\/index.php\/wp-json\/wp\/v2\/comments?post=2360"}],"version-history":[{"count":16,"href":"https:\/\/magasin.treval-france.com\/index.php\/wp-json\/wp\/v2\/pages\/2360\/revisions"}],"predecessor-version":[{"id":2493,"href":"https:\/\/magasin.treval-france.com\/index.php\/wp-json\/wp\/v2\/pages\/2360\/revisions\/2493"}],"wp:attachment":[{"href":"https:\/\/magasin.treval-france.com\/index.php\/wp-json\/wp\/v2\/media?parent=2360"}],"curies":[{"name":"wp","href":"https:\/\/api.w.org\/{rel}","templated":true}]}}